{"id":8233,"date":"2023-02-23T07:39:49","date_gmt":"2023-02-23T10:39:49","guid":{"rendered":"https:\/\/jorgeoesterheld.com\/?page_id=8233"},"modified":"2024-12-27T18:16:17","modified_gmt":"2024-12-27T21:16:17","slug":"suscripcion","status":"publish","type":"page","link":"https:\/\/jorgeoesterheld.com\/?page_id=8233","title":{"rendered":"Suscripci\u00f3n"},"content":{"rendered":"\t\t<div data-elementor-type=\"wp-page\" data-elementor-id=\"8233\" class=\"elementor elementor-8233\">\n\t\t\t\t\t\t<section class=\"elementor-section elementor-top-section elementor-element elementor-element-ffb132f elementor-section-boxed elementor-section-height-default elementor-section-height-default\" data-id=\"ffb132f\" data-element_type=\"section\">\n\t\t\t\t\t\t<div class=\"elementor-container elementor-column-gap-default\">\n\t\t\t\t\t<div class=\"elementor-column elementor-col-100 elementor-top-column elementor-element elementor-element-f88acab\" data-id=\"f88acab\" data-element_type=\"column\">\n\t\t\t<div class=\"elementor-widget-wrap elementor-element-populated\">\n\t\t\t\t\t\t<div class=\"elementor-element elementor-element-1ce05b9 elementor-widget-divider--view-line elementor-widget elementor-widget-divider\" data-id=\"1ce05b9\" data-element_type=\"widget\" data-widget_type=\"divider.default\">\n\t\t\t\t<div class=\"elementor-widget-container\">\n\t\t\t\t\t\t\t<div class=\"elementor-divider\">\n\t\t\t<span class=\"elementor-divider-separator\">\n\t\t\t\t\t\t<\/span>\n\t\t<\/div>\n\t\t\t\t\t\t<\/div>\n\t\t\t\t<\/div>\n\t\t\t\t\t<\/div>\n\t\t<\/div>\n\t\t\t\t\t<\/div>\n\t\t<\/section>\n\t\t\t\t<section class=\"elementor-section elementor-top-section elementor-element elementor-element-9200ebd elementor-section-boxed elementor-section-height-default elementor-section-height-default\" data-id=\"9200ebd\" data-element_type=\"section\">\n\t\t\t\t\t\t<div class=\"elementor-container elementor-column-gap-default\">\n\t\t\t\t\t<div class=\"elementor-column elementor-col-100 elementor-top-column elementor-element elementor-element-2ca2fec\" data-id=\"2ca2fec\" data-element_type=\"column\">\n\t\t\t<div class=\"elementor-widget-wrap elementor-element-populated\">\n\t\t\t\t\t\t<div class=\"elementor-element elementor-element-d61e830 elementor-widget elementor-widget-text-editor\" data-id=\"d61e830\" data-element_type=\"widget\" data-widget_type=\"text-editor.default\">\n\t\t\t\t<div class=\"elementor-widget-container\">\n\t\t\t\t\t\t\t\t\t<p><strong><span style=\"caret-color: #272626; font-family: Arial, Helvetica, sans-serif, 'Lucida Console', Monaco, monospace; font-size: 20px; letter-spacing: 1.9px; color: #ff0000;\">Si quieres recibir las homil\u00edas por Whatsapp<\/span><\/strong><a style=\"text-decoration: var(--linkdeco); font-family: Arial, Helvetica, sans-serif, 'Lucida Console', Monaco, monospace; font-size: 20px; letter-spacing: 1.9px;\" href=\"https:\/\/bit.ly\/3nW8Xvo\" target=\"_blank\" rel=\"noreferrer noopener\">\u00a0hacer clic aqu\u00ed<\/a><span style=\"caret-color: #272626; color: #272626; font-family: Arial, Helvetica, sans-serif, 'Lucida Console', Monaco, monospace; font-size: 20px; letter-spacing: 1.9px;\">\u00a0y entrar\u00e1s a whatsapp, luego hay que guardar ese n\u00famero en tus contactos y despu\u00e9s enviar un mensaje, recibir\u00e1s una respuesta autom\u00e1tica y cada vez que publique algo lo recibir\u00e1s en tu tel\u00e9fono.<\/span><\/p>\t\t\t\t\t\t\t\t<\/div>\n\t\t\t\t<\/div>\n\t\t\t\t\t<\/div>\n\t\t<\/div>\n\t\t\t\t\t<\/div>\n\t\t<\/section>\n\t\t\t\t<\/div>\n\t\t","protected":false},"excerpt":{"rendered":"<p>Si quieres recibir las homil\u00edas por Whatsapp\u00a0hacer clic aqu\u00ed\u00a0y entrar\u00e1s a whatsapp, luego hay que guardar ese n\u00famero en tus contactos y despu\u00e9s enviar un mensaje, recibir\u00e1s una respuesta autom\u00e1tica y cada vez que publique algo lo recibir\u00e1s en tu tel\u00e9fono.<\/p>\n","protected":false},"author":1,"featured_media":0,"parent":0,"menu_order":0,"comment_status":"closed","ping_status":"closed","template":"page-templates\/template-pagebuilder-full-width.php","meta":{"neve_meta_sidebar":"full-width","neve_meta_container":"","neve_meta_enable_content_width":"","neve_meta_content_width":0,"neve_meta_title_alignment":"","neve_meta_author_avatar":"","neve_post_elements_order":"","neve_meta_disable_header":"","neve_meta_disable_footer":"","neve_meta_disable_title":"","footnotes":""},"class_list":["post-8233","page","type-page","status-publish","hentry"],"jetpack_sharing_enabled":true,"_links":{"self":[{"href":"https:\/\/jorgeoesterheld.com\/index.php?rest_route=\/wp\/v2\/pages\/8233","targetHints":{"allow":["GET"]}}],"collection":[{"href":"https:\/\/jorgeoesterheld.com\/index.php?rest_route=\/wp\/v2\/pages"}],"about":[{"href":"https:\/\/jorgeoesterheld.com\/index.php?rest_route=\/wp\/v2\/types\/page"}],"author":[{"embeddable":true,"href":"https:\/\/jorgeoesterheld.com\/index.php?rest_route=\/wp\/v2\/users\/1"}],"replies":[{"embeddable":true,"href":"https:\/\/jorgeoesterheld.com\/index.php?rest_route=%2Fwp%2Fv2%2Fcomments&post=8233"}],"version-history":[{"count":54,"href":"https:\/\/jorgeoesterheld.com\/index.php?rest_route=\/wp\/v2\/pages\/8233\/revisions"}],"predecessor-version":[{"id":11133,"href":"https:\/\/jorgeoesterheld.com\/index.php?rest_route=\/wp\/v2\/pages\/8233\/revisions\/11133"}],"wp:attachment":[{"href":"https:\/\/jorgeoesterheld.com\/index.php?rest_route=%2Fwp%2Fv2%2Fmedia&parent=8233"}],"curies":[{"name":"wp","href":"https:\/\/api.w.org\/{rel}","templated":true}]}}