{"id":12402,"date":"2025-11-20T08:03:48","date_gmt":"2025-11-20T11:03:48","guid":{"rendered":"https:\/\/jorgeoesterheld.com\/?page_id=12402"},"modified":"2026-01-10T15:53:58","modified_gmt":"2026-01-10T18:53:58","slug":"adviento-y-navidad-2","status":"publish","type":"page","link":"https:\/\/jorgeoesterheld.com\/?page_id=12402","title":{"rendered":"Adviento y Navidad A (2025)"},"content":{"rendered":"<div class=\"wp-block-image\">\n<figure class=\"aligncenter size-full is-resized has-custom-border\"><img fetchpriority=\"high\" decoding=\"async\" width=\"400\" height=\"221\" src=\"https:\/\/jorgeoesterheld.com\/wp-content\/uploads\/2025\/01\/adv.jpeg\" alt=\"\" class=\"wp-image-11241\" style=\"border-radius:23px;width:356px;height:auto\" srcset=\"https:\/\/jorgeoesterheld.com\/wp-content\/uploads\/2025\/01\/adv.jpeg 400w, https:\/\/jorgeoesterheld.com\/wp-content\/uploads\/2025\/01\/adv-300x166.jpeg 300w\" sizes=\"(max-width: 400px) 100vw, 400px\" \/><\/figure>\n<\/div>\n\n\n<hr class=\"wp-block-separator has-alpha-channel-opacity\"\/>\n\n\n\n<p class=\"has-text-align-center\"><strong>I domingo <\/strong><\/p>\n\n\n<div class=\"wp-block-image\">\n<figure class=\"aligncenter size-full is-resized has-custom-border\"><img decoding=\"async\" width=\"800\" height=\"339\" src=\"https:\/\/jorgeoesterheld.com\/wp-content\/uploads\/2025\/11\/distraidos.jpg\" alt=\"\" class=\"wp-image-12423\" style=\"border-radius:15px;width:207px;height:auto\" srcset=\"https:\/\/jorgeoesterheld.com\/wp-content\/uploads\/2025\/11\/distraidos.jpg 800w, https:\/\/jorgeoesterheld.com\/wp-content\/uploads\/2025\/11\/distraidos-300x127.jpg 300w, https:\/\/jorgeoesterheld.com\/wp-content\/uploads\/2025\/11\/distraidos-768x325.jpg 768w\" sizes=\"(max-width: 800px) 100vw, 800px\" \/><\/figure>\n<\/div>\n\n\n<p class=\"has-text-align-center\"><a href=\"https:\/\/jorgeoesterheld.com\/?p=12418\" target=\"_blank\" rel=\"noreferrer noopener\">No sospechaban nada<\/a><\/p>\n\n\n\n<hr class=\"wp-block-separator has-alpha-channel-opacity\"\/>\n\n\n\n<p class=\"has-text-align-center\"><strong>II domingo <\/strong><\/p>\n\n\n<div class=\"wp-block-image\">\n<figure class=\"aligncenter size-full is-resized has-custom-border\"><img decoding=\"async\" width=\"800\" height=\"457\" src=\"https:\/\/jorgeoesterheld.com\/wp-content\/uploads\/2025\/11\/cambio2.jpg\" alt=\"\" class=\"wp-image-12488\" style=\"border-top-left-radius:19px;border-top-right-radius:19px;border-bottom-left-radius:19px;border-bottom-right-radius:19px;aspect-ratio:1.7506234413965087;width:187px;height:auto\" srcset=\"https:\/\/jorgeoesterheld.com\/wp-content\/uploads\/2025\/11\/cambio2.jpg 800w, https:\/\/jorgeoesterheld.com\/wp-content\/uploads\/2025\/11\/cambio2-300x171.jpg 300w, https:\/\/jorgeoesterheld.com\/wp-content\/uploads\/2025\/11\/cambio2-768x439.jpg 768w\" sizes=\"(max-width: 800px) 100vw, 800px\" \/><\/figure>\n<\/div>\n\n\n<p class=\"has-text-align-center\"><a href=\"https:\/\/jorgeoesterheld.com\/?p=12483\" target=\"_blank\" rel=\"noreferrer noopener\">Cambiar de vida<\/a><\/p>\n\n\n\n<hr class=\"wp-block-separator has-alpha-channel-opacity\"\/>\n\n\n\n<p class=\"has-text-align-center\"><strong>III domingo <\/strong><\/p>\n\n\n<div class=\"wp-block-image\">\n<figure class=\"aligncenter size-full is-resized has-custom-border\"><img loading=\"lazy\" decoding=\"async\" width=\"800\" height=\"349\" src=\"https:\/\/jorgeoesterheld.com\/wp-content\/uploads\/2025\/11\/eres-tu.jpg\" alt=\"\" class=\"wp-image-12494\" style=\"border-top-left-radius:18px;border-top-right-radius:18px;border-bottom-left-radius:18px;border-bottom-right-radius:18px;aspect-ratio:2.2924788243698337;width:180px;height:auto\" srcset=\"https:\/\/jorgeoesterheld.com\/wp-content\/uploads\/2025\/11\/eres-tu.jpg 800w, https:\/\/jorgeoesterheld.com\/wp-content\/uploads\/2025\/11\/eres-tu-300x131.jpg 300w, https:\/\/jorgeoesterheld.com\/wp-content\/uploads\/2025\/11\/eres-tu-768x335.jpg 768w\" sizes=\"(max-width: 800px) 100vw, 800px\" \/><\/figure>\n<\/div>\n\n\n<p class=\"has-text-align-center\"><a href=\"https:\/\/jorgeoesterheld.com\/?p=12492\" target=\"_blank\" rel=\"noreferrer noopener\">\u00bfEres t\u00fa el que ha de venir?<\/a><\/p>\n\n\n\n<hr class=\"wp-block-separator has-alpha-channel-opacity\"\/>\n\n\n\n<p class=\"has-text-align-center\"><strong>IV domingo <\/strong><\/p>\n\n\n<div class=\"wp-block-image\">\n<figure class=\"aligncenter size-full is-resized has-custom-border\"><img loading=\"lazy\" decoding=\"async\" width=\"800\" height=\"468\" src=\"https:\/\/jorgeoesterheld.com\/wp-content\/uploads\/2025\/11\/sueno.jpg\" alt=\"\" class=\"wp-image-12504\" style=\"border-top-left-radius:18px;border-top-right-radius:18px;border-bottom-left-radius:18px;border-bottom-right-radius:18px;aspect-ratio:1.709458945285747;width:141px;height:auto\" srcset=\"https:\/\/jorgeoesterheld.com\/wp-content\/uploads\/2025\/11\/sueno.jpg 800w, https:\/\/jorgeoesterheld.com\/wp-content\/uploads\/2025\/11\/sueno-300x176.jpg 300w, https:\/\/jorgeoesterheld.com\/wp-content\/uploads\/2025\/11\/sueno-768x449.jpg 768w\" sizes=\"(max-width: 800px) 100vw, 800px\" \/><\/figure>\n<\/div>\n\n\n<p class=\"has-text-align-center\"><a href=\"https:\/\/jorgeoesterheld.com\/?p=12500\" data-type=\"post\" data-id=\"12500\">Dios con nosotros<\/a><\/p>\n\n\n\n<hr class=\"wp-block-separator has-alpha-channel-opacity\"\/>\n\n\n\n<p class=\"has-text-align-center\"><strong>Nochebuena y Navidad<\/strong><\/p>\n\n\n<div class=\"wp-block-image\">\n<figure class=\"aligncenter size-full is-resized\"><img loading=\"lazy\" decoding=\"async\" width=\"640\" height=\"448\" src=\"https:\/\/jorgeoesterheld.com\/wp-content\/uploads\/2024\/11\/nino-redondo.png\" alt=\"\" class=\"wp-image-10983\" style=\"width:163px;height:auto\" srcset=\"https:\/\/jorgeoesterheld.com\/wp-content\/uploads\/2024\/11\/nino-redondo.png 640w, https:\/\/jorgeoesterheld.com\/wp-content\/uploads\/2024\/11\/nino-redondo-300x210.png 300w\" sizes=\"(max-width: 640px) 100vw, 640px\" \/><\/figure>\n<\/div>\n\n\n<p class=\"has-text-align-center\"><a href=\"https:\/\/jorgeoesterheld.com\/?p=12549\" target=\"_blank\" rel=\"noreferrer noopener\">Nos ha nacido un Salvador<\/a><\/p>\n\n\n\n<hr class=\"wp-block-separator has-alpha-channel-opacity\"\/>\n\n\n\n<p class=\"has-text-align-center\"><strong>Sagrada familia<\/strong><\/p>\n\n\n<div class=\"wp-block-image\">\n<figure class=\"aligncenter size-full is-resized\"><img loading=\"lazy\" decoding=\"async\" width=\"614\" height=\"530\" src=\"https:\/\/jorgeoesterheld.com\/wp-content\/uploads\/2024\/12\/Imagen-28-12-24-a-las-7.52\u202fa.-m.jpg\" alt=\"\" class=\"wp-image-11137\" style=\"width:127px;height:auto\" srcset=\"https:\/\/jorgeoesterheld.com\/wp-content\/uploads\/2024\/12\/Imagen-28-12-24-a-las-7.52\u202fa.-m.jpg 614w, https:\/\/jorgeoesterheld.com\/wp-content\/uploads\/2024\/12\/Imagen-28-12-24-a-las-7.52\u202fa.-m-300x259.jpg 300w\" sizes=\"(max-width: 614px) 100vw, 614px\" \/><\/figure>\n<\/div>\n\n\n<p class=\"has-text-align-center\"><a href=\"https:\/\/jorgeoesterheld.com\/?p=12551\" target=\"_blank\" rel=\"noreferrer noopener\">Ser\u00e1 llamado Nazareno<\/a><\/p>\n\n\n\n<hr class=\"wp-block-separator has-alpha-channel-opacity\"\/>\n\n\n\n<p class=\"has-text-align-center\"><strong>Madre de Dios<\/strong><\/p>\n\n\n<div class=\"wp-block-image\">\n<figure class=\"aligncenter size-full is-resized has-custom-border\"><img loading=\"lazy\" decoding=\"async\" width=\"800\" height=\"721\" src=\"https:\/\/jorgeoesterheld.com\/wp-content\/uploads\/2025\/12\/teotokos.jpg\" alt=\"\" class=\"wp-image-12615\" style=\"border-top-left-radius:19px;border-top-right-radius:19px;border-bottom-left-radius:19px;border-bottom-right-radius:19px;aspect-ratio:1.1096073104470239;width:123px;height:auto\" srcset=\"https:\/\/jorgeoesterheld.com\/wp-content\/uploads\/2025\/12\/teotokos.jpg 800w, https:\/\/jorgeoesterheld.com\/wp-content\/uploads\/2025\/12\/teotokos-300x270.jpg 300w, https:\/\/jorgeoesterheld.com\/wp-content\/uploads\/2025\/12\/teotokos-768x692.jpg 768w\" sizes=\"(max-width: 800px) 100vw, 800px\" \/><\/figure>\n<\/div>\n\n\n<p class=\"has-text-align-center\"><a href=\"https:\/\/jorgeoesterheld.com\/?p=12554\" target=\"_blank\" rel=\"noreferrer noopener\">Mar\u00eda Madre de Dios<\/a><\/p>\n\n\n\n<hr class=\"wp-block-separator has-alpha-channel-opacity\"\/>\n\n\n<div class=\"wp-block-image\">\n<figure class=\"aligncenter size-full is-resized\"><img loading=\"lazy\" decoding=\"async\" width=\"800\" height=\"460\" src=\"https:\/\/jorgeoesterheld.com\/wp-content\/uploads\/2026\/01\/alfa.jpg\" alt=\"\" class=\"wp-image-12623\" style=\"aspect-ratio:1.739170828010684;width:183px;height:auto\" srcset=\"https:\/\/jorgeoesterheld.com\/wp-content\/uploads\/2026\/01\/alfa.jpg 800w, https:\/\/jorgeoesterheld.com\/wp-content\/uploads\/2026\/01\/alfa-300x173.jpg 300w, https:\/\/jorgeoesterheld.com\/wp-content\/uploads\/2026\/01\/alfa-768x442.jpg 768w\" sizes=\"(max-width: 800px) 100vw, 800px\" \/><\/figure>\n<\/div>\n\n\n<p class=\"has-text-align-center\"><a href=\"https:\/\/jorgeoesterheld.com\/?p=12621\" target=\"_blank\" rel=\"noreferrer noopener\">La Palabra se hizo carne<\/a><\/p>\n\n\n\n<hr class=\"wp-block-separator has-alpha-channel-opacity\"\/>\n\n\n\n<hr class=\"wp-block-separator has-alpha-channel-opacity\"\/>\n\n\n<div class=\"wp-block-image\">\n<figure class=\"aligncenter size-large is-resized has-custom-border\"><a href=\"https:\/\/tiendaclaretiana.com.ar\/productos\/quimio-y-fe\/\" target=\"_blank\" rel=\" noreferrer noopener\"><img loading=\"lazy\" decoding=\"async\" width=\"1024\" height=\"308\" src=\"https:\/\/jorgeoesterheld.com\/wp-content\/uploads\/2024\/12\/Imagen-18-12-24-a-las-6.45\u202fp.-m-1024x308.jpg\" alt=\"\" class=\"wp-image-11059\" style=\"border-radius:29px;width:419px;height:auto\" srcset=\"https:\/\/jorgeoesterheld.com\/wp-content\/uploads\/2024\/12\/Imagen-18-12-24-a-las-6.45\u202fp.-m-1024x308.jpg 1024w, https:\/\/jorgeoesterheld.com\/wp-content\/uploads\/2024\/12\/Imagen-18-12-24-a-las-6.45\u202fp.-m-300x90.jpg 300w, https:\/\/jorgeoesterheld.com\/wp-content\/uploads\/2024\/12\/Imagen-18-12-24-a-las-6.45\u202fp.-m-768x231.jpg 768w, https:\/\/jorgeoesterheld.com\/wp-content\/uploads\/2024\/12\/Imagen-18-12-24-a-las-6.45\u202fp.-m-1536x462.jpg 1536w, https:\/\/jorgeoesterheld.com\/wp-content\/uploads\/2024\/12\/Imagen-18-12-24-a-las-6.45\u202fp.-m-2048x616.jpg 2048w\" sizes=\"(max-width: 1024px) 100vw, 1024px\" \/><\/a><\/figure>\n<\/div>\n\n\n<hr class=\"wp-block-separator has-alpha-channel-opacity\"\/>\n\n\n<div class=\"wp-block-image is-style-rounded\">\n<figure class=\"aligncenter size-full\"><a href=\"https:\/\/open.spotify.com\/show\/1JK37EK8v0riXin50gaOcn?si=6770a51c62ac4377\" target=\"_blank\" rel=\" noreferrer noopener\"><img loading=\"lazy\" decoding=\"async\" width=\"255\" height=\"117\" src=\"https:\/\/jorgeoesterheld.com\/wp-content\/uploads\/2023\/11\/audio-hom.jpg\" alt=\"\" class=\"wp-image-9259\"\/><\/a><\/figure>\n<\/div>\n\n\n<hr class=\"wp-block-separator has-alpha-channel-opacity\"\/>\n","protected":false},"excerpt":{"rendered":"<p>I domingo No sospechaban nada II domingo Cambiar de vida III domingo \u00bfEres t\u00fa el que ha de venir? IV domingo Dios con nosotros Nochebuena y Navidad Nos ha nacido un Salvador Sagrada familia Ser\u00e1 llamado Nazareno Madre de Dios Mar\u00eda Madre de Dios La Palabra se hizo carne<\/p>\n","protected":false},"author":1,"featured_media":0,"parent":0,"menu_order":0,"comment_status":"closed","ping_status":"closed","template":"","meta":{"neve_meta_sidebar":"full-width","neve_meta_container":"","neve_meta_enable_content_width":"","neve_meta_content_width":0,"neve_meta_title_alignment":"center","neve_meta_author_avatar":"","neve_post_elements_order":"","neve_meta_disable_header":"","neve_meta_disable_footer":"","neve_meta_disable_title":"off","jetpack_post_was_ever_published":false,"footnotes":""},"class_list":["post-12402","page","type-page","status-publish","hentry"],"jetpack_sharing_enabled":true,"_links":{"self":[{"href":"https:\/\/jorgeoesterheld.com\/index.php?rest_route=\/wp\/v2\/pages\/12402","targetHints":{"allow":["GET"]}}],"collection":[{"href":"https:\/\/jorgeoesterheld.com\/index.php?rest_route=\/wp\/v2\/pages"}],"about":[{"href":"https:\/\/jorgeoesterheld.com\/index.php?rest_route=\/wp\/v2\/types\/page"}],"author":[{"embeddable":true,"href":"https:\/\/jorgeoesterheld.com\/index.php?rest_route=\/wp\/v2\/users\/1"}],"replies":[{"embeddable":true,"href":"https:\/\/jorgeoesterheld.com\/index.php?rest_route=%2Fwp%2Fv2%2Fcomments&post=12402"}],"version-history":[{"count":22,"href":"https:\/\/jorgeoesterheld.com\/index.php?rest_route=\/wp\/v2\/pages\/12402\/revisions"}],"predecessor-version":[{"id":12674,"href":"https:\/\/jorgeoesterheld.com\/index.php?rest_route=\/wp\/v2\/pages\/12402\/revisions\/12674"}],"wp:attachment":[{"href":"https:\/\/jorgeoesterheld.com\/index.php?rest_route=%2Fwp%2Fv2%2Fmedia&parent=12402"}],"curies":[{"name":"wp","href":"https:\/\/api.w.org\/{rel}","templated":true}]}}